d 55?
11
Suppose -3*u - 7*p = -11*p + 267, 3*u + 240 = -5*p. Let h = 285 + u. What is the highest common factor of 160 and h?
40
Let l = 1449 + -1425. Suppose -4*m - m = 2*w + 10, 3 = -2*m - w. Let s(f) = -f - 1. Let a be s(m). What is the highest common factor of a and l?
3
Suppose i - u - 57 + 1 = 0, -48 = -i - 3*u. Let g(x) = -12*x**3 - 2*x**2 + 2*x - 3. Let h be g(-3). What is the greatest common factor of h and i?
27
Let m(v) = 3*v + 42. Let b be 2*(-18)/(-24)*-6. Let x be m(b). Calculate the greatest common factor of 55 and x.
5
Suppose 261*g = 256*g + 20. Suppose i - g*i - 138 = -5*w, 0 = 5*w + i - 134. What is the greatest common divisor of 234 and w?
9
Let w = -2853 - -2885. What is the highest common divisor of 4800 and w?
32
Suppose -106*t + 108*t = 548. Let r = 289 - t. What is the greatest common factor of 90 and r?
15
Let g = -24519 + 36989. What is the greatest common divisor of g and 870?
290
Suppose -3*f = -4*l + 28 + 3, -5*l + 40 = -4*f. Suppose 3*i = -l*s + 733, 7*i - 5*i + 5*s - 491 = 0. What is the greatest common divisor of 54 and i?
27
Suppose 48 = 20556*k - 20553*k. Calculate the highest common factor of 12944 and k.
16
Let k(t) = -106*t**3 + t**2 - 11*t - 14. Let s be k(-1). What is the greatest common divisor of 1690 and s?
26
Suppose 0 = 3*m + 21 - 156. Suppose -5*b + 10*b - m = 0. Let i = -2712 + 2883. What is the greatest common factor of i and b?
9
Let u = 11 + -1. Let x = u + -6. Suppose 143 = 41*r + 20. Calculate the greatest common divisor of x and r.
1
Let f be (((-20995)/68)/65)/(3/(-612)). Suppose 0 = -2*h + 3*h - 5*z - 56, -2*z - 257 = -5*h. Calculate the greatest common divisor of f and h.
51
Let t be ((-6)/15)/((-1)/(-35)). Let d be 28/49 + (-244)/t. Suppose 4*x = 2*b - d, -3*b = 2*x + 4 + 1. What is the greatest common factor of b and 4?
1
Let d(g) = 10*g - 75. Let c be d(8). What is the greatest common factor of 197 and c?
1
Let n = -5 + 45. Suppose -4*v - 6*v = -n. Let h be (5/v)/((-5)/(-80)). Calculate the greatest common divisor of 5 and h.
5
Let r = -3627 + 3657. What is the greatest common factor of r and 870?
30
Suppose 3*p - 38*m - 3272 = -34*m, 0 = -3*m - 6. Calculate the highest common divisor of p and 8.
8
Let d(k) = k**3 - 36*k**2 - 17*k + 36. Let a be d(36). Let f be -1 + (-17)/(34/a). What is the greatest common factor of 123 and f?
41
Let p(i) = -101*i**3 + 3*i**2 + 3*i - 1. Let g be p(-1). Let h be 550*(40/(-48))/((-15)/9). What is the greatest common divisor of h and g?
25
Let a(b) = b**2 + 11*b - 47. Let n be a(11). Suppose 0 = 2*r + 2*c + c + 165, 3*c = 2*r + n. Let m = -54 - r. Calculate the greatest common divisor of 27 and m.
9
Let d(g) = 3*g**3 - 22*g**2 + 14*g - 21. Let i be d(7). Let k = 139 + -107. What is the greatest common divisor of k and i?
4
Suppose 137*y - 867968 - 991493 = 360350. Calculate the highest common divisor of 99 and y.
33
Let p(l) = 2*l**2 - 104*l - l**2 + 99*l. Let y be (-5 + 7)*(4 - 1). Let u be p(y). What is the highest common divisor of u and 2?
2
Suppose -9574*f - i = -9576*f + 29, 2*f = -2*i + 2. Calculate the greatest common factor of 790 and f.
10
Let p be ((-51)/12 - -2)*(-16)/(-3). Let j be p/(-3)*(-3 - -5). Suppose j = -b + 35. What is the highest common divisor of 189 and b?
27
Suppose -2*o - 683 = j - 682, 7 = 3*o + j. Let c be -1*2 - (-186)/1. What is the greatest common factor of c and o?
8
Let v(j) = 6*j**2 + 139*j + 640. Let m be v(-25). What is the highest common divisor of 5673 and m?
183
Let m = -110 + 114. Let x be 2/m*(-3)/(-6)*12. Suppose 7*z - 147 = x*z - 3*k, -2*z + 75 = k. What is the greatest common factor of 429 and z?
39
Let u(k) = -k**2 + 4*k - 1. Let x be u(2). Let r be 39/9 - 1/3. Suppose -r*w = -x*w - 90. Calculate the greatest common divisor of 10 and w.
10
Let u(d) = 55*d**2 + 6*d + 6. Let i be u(-6). Calculate the greatest common factor of i and 39.
39
Let q(s) be the third derivative of -s**5/60 - 11*s**4/24 - 5*s**3/2 + 35*s**2 - 2. Let m be q(-5). What is the greatest common factor of 270 and m?
15
Suppose 1729*m - 1766*m + 7252 = 0. What is the highest common divisor of m and 3283?
49
Let d(n) = 19*n**3 + 3*n**2 - n - 2. Let u = 213 - 212. Let k be d(u). What is the greatest common factor of 152 and k?
19
Suppose 0 = 99*o - 482541 + 106737. What is the greatest common factor of 260 and o?
52
Let y = 4404 - 3612. Calculate the highest common factor of 1287 and y.
99
Suppose -15*f = -16*f - 2*z + 186, 25 = -5*z. Calculate the highest common factor of 833 and f.
49
Suppose -5678 = 11*w + 6*w. Let k be w/4 - 5/(4 + 6). Let x be (k/49)/((1 + 1)/(-14)). What is the greatest common divisor of 24 and x?
12
Let q = -6732 - -6738. Calculate the highest common divisor of 516 and q.
6
Suppose 52*i + 50*i - 29760 + 10584 = 0. What is the highest common divisor of 18518 and i?
94
Suppose 2*o = -0*o, -4*o - 96 - 894 = -5*y. What is the highest common factor of 539 and y?
11
Let k be ((-90)/4)/(3/(-10)). Let c be (-108)/(-7) + 3 + (-144)/42. Calculate the highest common divisor of c and k.
15
Let s(y) = y**3 + 49*y**2 + 93*y + 9. Let n be s(-47). What is the highest common factor of n and 910?
14
Let k(n) = n**2 - 10*n + 6. Let x be (-2)/(((-6)/9*-6)/26). Let i be k(x). What is the greatest common divisor of 61 and i?
61
Suppose 3393 = -295*o + 334*o. What is the greatest common factor of 183 and o?
3
Let z(f) = -3*f**3 + 2*f + 2. Let s be z(-4). Suppose 289*i = -k + 292*i + 83, 3*i + 21 = 0. Calculate the greatest common factor of s and k.
62
Let q(s) = -s + 4. Let i be q(1). Suppose c - 5*j - 29 = 0, 0 = i*c - 0*j + j - 23. Suppose -k = c*k - 600. What is the greatest common divisor of k and 90?
30
Let f(l) = l**2 - 12*l - 10. Let n be f(8). Let q = n - -64. Let w = 5808 + -5806. Calculate the highest common factor of q and w.
2
Suppose 24 - 192 = -14*c. Let d be 270/75*20/c. Calculate the greatest common divisor of 20 and d.
2
Let s be 0/((-9)/(-12)*-4). Let b be ((0 - 1) + s)*-469. Calculate the highest common divisor of 67 and b.
67
Let i(c) = 6*c**2 + 9*c - 10. Let a be i(5). Let f = -3 - -77. What is the highest common factor of f and a?
37
Let n = 2797 - 2794. Suppose -w - 3*w + 3*q = -138, -3*w = q - 97. Calculate the highest common divisor of w and n.
3
Let d = 736 + -731. Suppose 6 = -d*s + s - 2*t, 3*s + 3*t + 12 = 0. Calculate the highest common factor of s and 79.
1
Suppose 2*k + 16732 = -4*f + 45198, -f = -k - 7115. Calculate the highest common factor of 36 and f.
12
Let z be 56/140 - ((-1168)/(-20))/(-4). Let p = -178 + 553. What is the greatest common factor of p and z?
15
Suppose 4*h = 4*o + 12 + 36, 4 = -o. Let u = -7 - -13. What is the greatest common divisor of h and u?
2
Let w(i) = -886*i - 8644. Let a be w(-10). What is the highest common divisor of a and 6984?
72
Suppose -4*c = 2*c - 1032. Let q be (2 + c + 3 - 1) + 0. Suppose 4*b = -7*b + q. Calculate the greatest common factor of b and 2.
2
Let p(z) = 2*z**3 - 4*z**2 + 5*z + 1. Let t be p(4). Suppose 3*o - 27 = 3*n, n - 6*n = -2*o. Calculate the highest common divisor of t and o.
5
Let c be (123/12 - 10) + 378540/80. What is the highest common factor of c and 16?
4
Let d = -2322 + 2916. Calculate the greatest common factor of 374 and d.
22
Suppose -8*m + 2 = -70. Let c be 164/6*m/(-12)*-12. Suppose 5*r = -5*t + c - 31, -4*r + 4*t = -140. Calculate the highest common divisor of 52 and r.
13
Suppose 0 = -6*c - 512 + 890. Let q be ((-14)/3)/(12/(-162)). What is the highest common divisor of q and c?
63
Let n(o) = 9038*o - 2403. Let x be n(6). Calculate the highest common divisor of 75 and x.
75
Let f(x) = -x**3 - 4*x**2 - 4*x - 5. Let i = -13 + 11. Let k be 7/i + (-4)/8. Let m be f(k). What is the highest common divisor of m and 99?
11
Let a be (-2 + 20/8)/(20/3760). What is the highest common divisor of 2 and a?
2
Let n = 54 - 33. Suppose 28*a - 73*a = -25515. What is the highest common factor of a and n?
21
Let s be (-14)/3*(6 + -27). Let k be (882/(-189))/((-6)/(-9)) + -1 + 64. Calculate the greatest common divisor of k and s.
14
Let j(k) = -4*k**3 - 2*k**2 + 21*k + 75. Let o be j(-4). Calculate the highest common divisor of 75 and o.
5
Let c be 1071 + -2 + 2/(-7) + 99/(-21). Calculate the greatest common divisor of c and 280.
56
Let r = -281 + 282. Let k 